7 divide 278521684?
True
Is 18 a factor of 976788576?
True
Is 441646422 a multiple of 120?
False
Is 1538 a factor of 2036999486?
True
Is 37342080 a multiple of 960?
True
Does 11 divide 339175870?
True
Does 80 divide 76071809?
False
Does 93 divide 124817007?
False
Is 236871104 a multiple of 64?
True
Does 32 divide 438673775?
False
Is 7 a factor of 21118507?
False
Is 60032760 a multiple of 69?
True
Does 39 divide 610012611?
True
Is 1201263175 a multiple of 10?
False
Does 673 divide 4560846?
False
Does 587 divide 569359191?
False
Is 21180892 a multiple of 203?
False
Is 1280 a factor of 570003200?
True
Is 273 a factor of 46880941?
False
Is 16 a factor of 165248392?
False
Is 562 a factor of 651285502?
True
Does 1560 divide 33675413?
False
Is 20369668 a multiple of 40?
False
Does 110 divide 19894600?
True
Does 607 divide 492721324?
True
Does 28 divide 234207815?
False
Is 19 a factor of 116956516?
False
Is 802544224 a multiple of 722?
False
Is 75 a factor of 1085615550?
True
Is 41805425 a multiple of 341?
False
Is 526083 a multiple of 8?
False
Is 158 a factor of 9947910?
False
Does 8396 divide 1794078567?
False
Is 29 a factor of 1697432843?
True
Is 42732307 a multiple of 1873?
False
Is 5103130208 a multiple of 11?
True
Is 7 a factor of 1574235152?
True
Is 23 a factor of 354694339?
True
Does 28 divide 232646533?
False
Is 159090714 a multiple of 566?
True
Does 417 divide 17852604?
True
Does 3727 divide 56612655?
False
Does 5002 divide 411294452?
True
Is 80501784 a multiple of 11?
True
Does 259 divide 29948947?
True
Is 13169712 a multiple of 29?
True
Does 41 divide 46324987?
False
Is 45204216 a multiple of 14?
False
Is 6417678 a multiple of 2?
True
Does 12 divide 249582793?
False
Is 312 a factor of 25950195?
False
Is 166 a factor of 470169768?
True
Is 801691621 a multiple of 12?
False
Is 15 a factor of 10344115?
False
Does 56 divide 1190863408?
True
Does 212 divide 1065141986?
False
Does 174 divide 12991653?
False
Is 1308240850 a multiple of 9050?
True
Is 2651 a factor of 154993366?
True
Does 52 divide 994284149?
False
Is 1143915 a multiple of 9?
False
Is 1319200 a multiple of 200?
True
Does 368 divide 436342140?
False
Is 3398 a factor of 489219588?
False
Is 12687444 a multiple of 84?
True
Does 25 divide 436275782?
False
Is 14 a factor of 272911275?
False
Is 7524409 a multiple of 21?
False
Does 9 divide 12111084?
True
Does 1580 divide 579005329?
False
Does 25 divide 518128961?
False
Does 507 divide 137930942?
False
Does 4053 divide 97872536?
False
Is 10 a factor of 1548385955?
False
Is 533802245 a multiple of 527?
False
Is 2414422350 a multiple of 6507?
True
Is 216 a factor of 104054976?
True
Is 1788590916 a multiple of 1042?
True
Is 1155 a factor of 182048210?
False
Is 23034960 a multiple of 642?
True
Is 11 a factor of 44987302?
False
Is 632 a factor of 41187710?
False
Is 3619056 a multiple of 129?
False
Does 4904 divide 418049464?
False
Is 5433049 a multiple of 23?
False
Is 18 a factor of 35033303?
False
Is 16372395 a multiple of 1235?
True
Is 36 a factor of 15613094?
False
Is 2321 a factor of 25547056?
False
Does 540 divide 2274130080?
True
Is 148846104 a multiple of 11?
True
Does 17 divide 723102701?
True
Is 24880570 a multiple of 286?
True
Is 229 a factor of 12328902?
True
Is 459 a factor of 540243?
True
Is 4669560 a multiple of 357?
True
Does 4 divide 1717560?
True
Is 24 a factor of 789538992?
True
Does 500 divide 2439529116?
False
Is 2 a factor of 5513366?
True
Does 2994 divide 6451258626?
True
Does 825 divide 9187200?
True
Is 325883619 a multiple of 311?
False
Is 6 a factor of 10288601?
False
Does 716 divide 29782935?
False
Is 156921593 a multiple of 51?
False
Is 727934688 a multiple of 6318?
True
Is 52 a factor of 11481237?
False
Is 68 a factor of 12890937?
False
Is 8877 a factor of 897195403?
False
Is 180287016 a multiple of 42?
True
Is 16850403 a multiple of 463?
False
Is 197255904 a multiple of 32?
True
Is 80 a factor of 79106880?
True
Is 1309 a factor of 188769084?
False
Is 28 a factor of 12187499?
False
Is 4539 a factor of 127250865?
True
Does 221 divide 369754437?
True
Is 1605315140 a multiple of 134?
False
Does 875 divide 58781298?
False
Is 23 a factor of 177929200?
False
Is 770 a factor of 1332216444?
False
Is 176073732 a multiple of 2118?
False
Does 43 divide 7206112?
True
Is 11115067 a multiple of 467?
True
Is 6 a factor of 10222499?
False
Is 11 a factor of 167782436?
False
Is 5 a factor of 129665742?
False
Does 2843 divide 250111779?
False
Is 37466600 a multiple of 3100?
True
Does 98 divide 338784800?
False
Is 4297 a factor of 65641425?
False
Does 815 divide 30970003?
False
Is 109908672 a multiple of 2416?
True
Is 659308308 a multiple of 331?
True
Does 44 divide 40607600?
True
Is 883 a factor of 42206090?
False
Does 1386 divide 1421628516?
True
Does 5412 divide 913437435?
False
Does 24 divide 323496001?
False
Is 337223339 a multiple of 229?
True
Does 27 divide 17654949?
True
Does 1050 divide 49554345?
False
Does 3 divide 953501?
False
Is 11640066 a multiple of 16?
False
Does 13 divide 4485510346?
False
Is 1267 a factor of 60211641?
True
Is 94 a factor of 21411226?
True
Does 836 divide 77258940?
True
Does 35 divide 189606165?
True
Is 464 a factor of 1213824?
True
Is 48 a factor of 1144752?
True
Does 144 divide 3639978288?
True
Is 16060312 a multiple of 9?
False
Is 5 a factor of 359434741?
False
Does 700 divide 3513742282?
False
Is 1345946615 a multiple of 13?
True
Does 186 divide 60834454?
False
Is 5220 a factor of 59628060?
True
Is 436 a factor of 89886909?
False
Does 2942 divide 482670404?
True
Is 26 a factor of 44164559?
False
Is 29 a factor of 467093488?
True
Does 6 divide 32672514?
True
Does 34 divide 1242700?
True
Is 93759511 a multiple of 109?
True
Is 430 a factor of 1941847?
False
Is 66343 a multiple of 4?
False
Is 7 a factor of 296346527?
False
Is 25488500 a multiple of 250?
True
Is 18079275 a multiple of 8?
False
Is 13899843 a multiple of 27?
True
Is 979070057 a multiple of 9895?
False
Is 451053990 a multiple of 9?
True
Is 1815 a factor of 1789591815?
True
Is 13 a factor of 1901484104?
True
Is 39 a factor of 423200770?
False
Is 215 a factor of 16402546?
False
Is 404267297 a multiple of 304?
False
Is 5586966 a multiple of 139?
True
Is 169 a factor of 797259822?
False
Is 928 a factor of 1215861888?
True
Is 90 a factor of 4307670?
True
Does 8869 divide 2370123310?
False
Is 45769280 a multiple of 320?
True
Is 22085472 a multiple of 464?
True
Is 9539219 a multiple of 2?
False
Does 42 divide 88413?
False
Is 11849298 a multiple of 66?
False
Is 193 a factor of 95543747?
False
Is 961649930 a multiple of 333?
False
Does 293 divide 51911841?
False
Is 13 a factor of 3955107?
True
Is 1260725275 a multiple of 43?
False
Is 1520260208 a multiple of 1036?
False
Does 47 divide 53957457?
True
Is 511 a factor of 9816192?
False
Does 102 divide 292007504?
False
Does 10 divide 138311640?
True
Is 5617155 a multiple of 111?
True
Is 1045 a factor of 186900340?
True
Is 2546 a factor of 220583724?
False
Is 31624830 a multiple of 5?
True
Is 1453478754 a multiple of 39?
True
Does 204 divide 2113335351?
False
Is 11001965 a multiple of 11?
False
Is 1103485680 a multiple of 3729?
True
Does 259 divide 17933221?
False
Is 39 a factor of 9734517?
True
Is 152 a factor of 20746936?
True
Does 9 divide 272203687?
False
Is 444787407 a multiple of 755?
False
Does 9 divide 2490182?
False
Does 426 divide 742666389?
False
Does 84 divide 333548628?
True
Is 2074 a factor of 3271620784?
False
Does 1503 divide 41527890?
True
Does 8 divide 839642345?
False
Is 176 a factor of 10818720?
True
Is 2464690 a multiple of 152?
False
Is 12 a factor of 107917176?
True
Is 4 a factor of 19518804?
True
Is 1008493569 a multiple of 16?
False
Is 726 a factor of 42621172?
False
Is 1051 a factor of 65762121?
True
Does 1290 divide 49142550?
True
Is 22857710 a multiple of 122?
False
Is 1605 a factor of 10255764?
False
Is 662918544 a multiple of 18?
True
Is 558 a factor of 1168831440?
True
Is 44 a factor of 48583788?
True
Does 117 divide 306815963?
False
Is 909751249 a multiple of 1021?
False
Is 65601432 a multiple of 353?
False
Does 99 divide 34994025?
True
Is 110 a factor of 233516470?
True
Is 27164742 a multiple of 2414?
True
Is 8 a factor of 85600696?
True
Is 57 a factor of 270562698?
T